159 and q?
53
Let y be 12990/135 + 4/(-18). Let h = 50 - 18. What is the greatest common divisor of y and h?
32
Let f(w) be the first derivative of w**3/3 - 5*w**2 + 11*w - 14. Let x be f(9). Suppose h + 16 = x*h. Calculate the highest common divisor of h and 112.
16
Let g be ((-16)/(-6) - 2)*3. Suppose 19 + 29 = g*f. Suppose 0*c = -2*c + f. Calculate the greatest common divisor of c and 30.
6
Let l(d) = -4*d + 47. Let o be l(5). Calculate the greatest common factor of 9 and o.
9
Suppose -4*u = 23*k - 27*k - 52, 3*u + k = 23. What is the greatest common divisor of u and 549?
9
Let c(j) = 19*j + 73. Let s be c(-3). Calculate the highest common divisor of 1304 and s.
8
Let c = 62 - 28. Suppose 9*r - 4*r = 2*n + c, -5*n - 28 = -3*r. Suppose -36 = -5*z + z. Calculate the highest common divisor of z and r.
3
Suppose 0 = -4*s - s + 830. Suppose 29 = 3*o - s. What is the highest common factor of o and 13?
13
Let g be 2/(-6) + (-965)/(-15) + -4. Let u be (-172)/(-14) - (-10)/(-35). Calculate the greatest common divisor of u and g.
12
Let c = -26 - -28. Let b be 4/8*104 - c. What is the greatest common factor of 125 and b?
25
Suppose -5*z + 3 = -12, 4*u = 5*z + 1. Let m = 31 - 35. Let b(o) = -o**3 - 4*o**2 - 2*o + 2. Let t be b(m). Calculate the highest common factor of u and t.
2
Suppose -3*a - s + 22 = 0, 7*s = 2*s + 20. Calculate the highest common factor of 15 and a.
3
Let s(l) = -l**2 - 18*l - 15. Let z be (54/(-72))/((-1)/(-20)). Let q be s(z). Calculate the highest common divisor of 6 and q.
6
Let u be ((-3)/(-6))/(66/264). Calculate the highest common divisor of 86 and u.
2
Let n be 3477/133 - 3/21. Calculate the greatest common divisor of 117 and n.
13
Let o = -7 + 16. Let f(c) = c - 7. Let w be f(o). Suppose 0 = w*h - 7*h + 35. What is the highest common divisor of 77 and h?
7
Suppose -u + 3*u - 4*p = 324, -u = 4*p - 180. What is the highest common factor of u and 72?
24
Suppose -7 - 8 = -3*a. Suppose -w + a*w - 224 = 0. What is the greatest common divisor of w and 8?
8
Suppose -5*c = 9 + 21. Let q be (2 + 0)*(-57)/c. Suppose 0 = 5*h - 0*v + 4*v - 380, h + 3*v = 76. Calculate the highest common divisor of q and h.
19
Suppose -f = -2 - 2. Suppose -f*p = 3*z + 389, -4*z - z = -5*p - 530. Let t = -47 - p. What is the greatest common divisor of t and 6?
6
Suppose -19*i + 16*i - 48 = -108. Let u be (-4684)/(-18) + (-4)/18. Calculate the greatest common factor of i and u.
20
Suppose m - 3*m = -x - 2293, -5*x = m - 1163. Calculate the greatest common factor of 28 and m.
28
Suppose -k + 248 = -76. Let z be 1/(4 + (-1292)/k). What is the greatest common divisor of 9 and z?
9
Suppose 35*s + 2937 = 11582. Calculate the greatest common factor of 325 and s.
13
Suppose -2*m = x - 9 + 2, 3*x = m. What is the highest common factor of m and 1?
1
Let b(x) = x**2 + x - 2. Let n be b(-2). Suppose 10*u - 6*u - 72 = n. Suppose -3*s + 48 + 60 = 0. Calculate the greatest common factor of u and s.
18
Let w be (27 - 33) + (92 - (3 - 2)). What is the highest common divisor of 765 and w?
85
Let c(x) = 5*x**2 + x - 14. Let q be c(-6). Let n(f) = 2*f**3 - 4*f**2 - 5*f - 4. Let y be n(4). What is the highest common divisor of y and q?
40
Let q be (3 - -20) + 3/(12/(-16)). Suppose 448 = -q*p + 23*p. Calculate the highest common factor of 16 and p.
16
Suppose -10*v + 189 = -8*v - 5*f, -2*v + 183 = f. What is the highest common factor of 8 and v?
4
Let t be (-49 + 34)*14/(-3). Calculate the greatest common factor of 560 and t.
70
Let t(b) = -35 + 0*b + 0*b + 38 + 15*b. Let a be t(2). Calculate the highest common divisor of 11 and a.
11
Suppose -38 = -3*n + l + 4*l, 2*l = -8. Suppose -10 = -n*u + 134. What is the greatest common factor of 6 and u?
6
Let j(y) = -78*y - 2. Let u be ((-112)/20)/(2/(-5)). Suppose -6 = -4*n - u. Let m be j(n). What is the highest common factor of m and 22?
22
Let z(f) = 2*f**2 - 29*f + 11. Let k be z(14). Let l be (-639)/k + (-1 - -5). Calculate the highest common divisor of 31 and l.
31
Let x(p) = 20*p**2 + 148*p + 9. Let a be x(-10). Calculate the greatest common divisor of a and 115.
23
Let g = 16 + -24. Let c = g + 16. Calculate the greatest common factor of 20 and c.
4
Let x(a) = -4*a**2 + 3*a - 10 + 5*a**2 + 3. Let o be x(-5). Suppose -q = o*q - 32. Calculate the highest common divisor of 12 and q.
4
Let i(z) = 3*z**2 + z - 2. Let k be i(2). Suppose -3*s + 15 = -4*a + 107, a - k = -2*s. Calculate the highest common factor of a and 60.
20
Let m be (2/(-4))/((-1)/(-8)). Let l be 243/(-6)*8/m. Let h be 70/8 - (-1)/4. Calculate the highest common factor of h and l.
9
Let f be ((-4)/(-7) + -2)/((-5)/350). Calculate the highest common divisor of 120 and f.
20
Let u = -37 + 51. Let m be 22/(-5)*35/(-1). What is the highest common divisor of m and u?
14
Let q = -1 - -14. Suppose 47 = 6*j - q. Calculate the highest common divisor of 180 and j.
10
Let s = -489 - -827. Calculate the highest common divisor of s and 26.
26
Let h be 6/(-9)*6 + -174. Let m = -123 - h. Calculate the greatest common factor of 11 and m.
11
Let p = 191 - 110. Let b be 0 + 44 + (0 - 4). Suppose -2*d = -14 - b. Calculate the greatest common factor of d and p.
27
Suppose 0 = -5*c + c + 364. Let k = c - -69. Suppose -k = -4*d - 0*d. What is the greatest common divisor of 16 and d?
8
Let o be (-384)/9*(-9)/6. Calculate the highest common factor of o and 24.
8
Suppose 3*v - 28 - 17 = 0. Let p be (1/(-2))/((-13)/2730). Calculate the greatest common factor of v and p.
15
Let l be (-14)/8 + (-1)/4. Let o = l + 10. Suppose 5*m = m + o. What is the greatest common factor of m and 20?
2
Suppose -2*h = 5*b - 471, -2*h - 467 = -5*b - 6*h. What is the highest common divisor of 5 and b?
5
Let n(m) = m**3 - 5*m**2 + m - 2. Let h be n(6). Suppose 5*s - 50 = 2*a, -4*a - a - 57 = -4*s. Calculate the highest common factor of h and s.
8
Suppose 90 = -6*a - 12*a. Let b be 4*(76/8 + a). What is the highest common divisor of 63 and b?
9
Suppose 31*w = -13*w + 3960. What is the highest common divisor of 18 and w?
18
Suppose 0 = 4*n - 1 - 11. Suppose 3*b - 7*w + n*w = 51, -2*b = w - 45. Let c = -241 - -325. What is the greatest common divisor of b and c?
21
Suppose -17*x - 24*x + 2583 = 0. What is the highest common divisor of 819 and x?
63
Suppose 2*w + 2*s - 12 - 4 = 0, -31 = -2*w - 5*s. Suppose w*k + 0*k - 93 = 0. Calculate the highest common factor of k and 217.
31
Let z = -932 - -936. Suppose 3*b = -3*r + 18, -5*r + 3*r + 4 = 0. What is the greatest common divisor of z and b?
4
Let f = -69 + 68. Let j be (f + (-12)/(-3))*(-8)/(-3). What is the highest common factor of j and 8?
8
Let q be 6/27 + (-688)/18. Suppose 0*d = -5*d - 415. Let a = q - d. What is the greatest common divisor of 9 and a?
9
Let h be (-4)/8 - (-19)/(-2). Let b be (-504)/h + (-6)/(-10). Let g(t) = 2*t**2 + 23*t - 53. Let u be g(-14). What is the highest common divisor of u and b?
17
Suppose 0 = 4*s - 8, 5*n - 5*s - 10 - 60 = 0. What is the highest common divisor of n and 176?
16
Let s = 137 + -92. Suppose 9*n = -n + 150. Calculate the highest common factor of n and s.
15
Let t be (-2)/(2/7*(-21)/12). Let f be (-266)/(-6) + 1/(-3). Calculate the greatest common divisor of t and f.
4
Suppose 8*f + 2 = 9*f. Let r(l) = 2*l**2 + 6*l - 6. Let b be r(f). Calculate the highest common factor of 182 and b.
14
Let j be (5/1)/(-1 - -2). Suppose 0 = j*h - 10, 2*h = 5*d - h - 9. Suppose 0 = -d*z - 2*o, z - 11 = -0*z + 3*o. Calculate the greatest common factor of z and 2.
2
Let n = -1083 + 1650. Calculate the highest common factor of n and 18.
9
Let g(p) = -p**2 - 15*p - 15. Let n be g(-12). Suppose -2*c = 3*s - 6*c - 701, 0 = -4*s + 2*c + 928. What is the greatest common factor of n and s?
21
Suppose -21 = 7*l - 105. Calculate the greatest common divisor of l and 84.
12
Let g be (0 - 3/(-6))*-4. Let j be 11/g*(-15 - -9). What is the highest common factor of 11 and j?
11
Let q be (3 - 41/(-5))*(8 + 57). Calculate the greatest common factor of q and 56.
56
Let y(d) = 41*d + 826. Let l be y(-20). Suppose 5*c + 2*x = 23, 2*c - 3*c - 1 = -x. What is the highest common divisor of l and c?
3
Let u(i) be the second derivative of -i**4/12 + 5*i**3/3 + 3*i**2 + 16*i. Let w be u(8). Calculate the highest common factor of 88 and w.
22
Suppose 0 = -4*t